+ 0 + 4).
-2
What is 2 - (6 - (12 - 6)) - 5?
-3
Calculate 0 + 1 + (67 - 61) + 2.
9
What is -5 - -1 - (0 + -3 + (-98 - -106))?
-9
What is the value of -8 - (1 - 12 - 6) - -9?
18
What is the value of (7 - 0) + -20 + 16?
3
Calculate 3 + -3 + -38 - -6.
-32
What is -5 + (-2 + -8 - (-3 - 31))?
19
What is -5 + 9 + 0 - ((1 - 0) + -11)?
14
Evaluate 5 + (-12 + 5 - (-5 + -10)).
13
Evaluate 4 + (10 - 21 - 2).
-9
What is -30 + -6 + 29 + 12?
5
(-4 - 23) + (-3 - -17)
-13
What is -22 - (5 + -13 + -21)?
7
What is 0 + -2 - (0 + -1 + (1 - 4))?
2
2 + (8 - 3) + (1 - 18)
-10
Evaluate -3 + 1 - -2 - (174 + -173).
-1
What is the value of 10 + 2 + -15 + -29 + 30?
-2
Calculate -4 - 2 - -17 - 19.
-8
What is (-1 - -2) + (-38 - (-32 - -5))?
-10
What is 12 + -7 + (3 - (-18 + 9))?
17
Evaluate 62 - 65 - (7 + -2).
-8
Calculate 7 - 13 - (66 + -49).
-23
Evaluate 19 + (-23 - -45 - 53).
-12
What is the value of 30 - 28 - (19 - (7 - 1))?
-11
What is the value of -67 + -27 + 93 + (-1 - -2) + 4?
4
Evaluate -6 - (14 - (0 + 13)).
-7
Calculate (-8 - -5) + -12 - 0 - -8.
-7
Evaluate 15 + 0 + (-24 - (-14 - -15)).
-10
-2 - ((1 - -8 - (11 + -3)) + -8)
5
Evaluate (4 - 1) + -5 + (5 - 0).
3
Evaluate (-3 - -5 - ((-9 - -2) + 5)) + 8.
12
Evaluate -21 - (8 - (14 + 13)).
-2
0 - 9 - -16 - (14 + -3 + 0)
-4
Evaluate (15 - (-1 - ((-6 - -2) + -2))) + 15.
25
What is the value of (-7 - (-3 - 10) - -2) + -8 + -8?
-8
What is (-9 - -5) + -5 + 14?
5
What is the value of -62 + -68 + 123 - ((-41 - 1) + 0)?
35
Evaluate ((-2 - 0) + -1 + 3 - -4) + 2.
6
What is the value of 122 + -125 + (4 - 0) + -4?
-3
What is 1 - ((6 - 9) + 8 - (2 - -3))?
1
Calculate -7 - (27 + -12 + -31).
9
Evaluate -109 - -111 - ((1 - -1) + 21) - -5.
-16
What is 18 + (9 - 7) + -16 + 14?
18
What is (-9 - (-6 + (-9 - -6))) + -5?
-5
What is 1 + -9 - (13 + -12 + 20 + -24)?
-5
What is the value of (5 + -15 - 3) + -1?
-14
What is the value of 1 + 1 + -8 - (-12 + 26 + -11)?
-9
Evaluate 21 + -17 - (-1 - -1 - 0).
4
What is the value of (-26 - -1) + (14 - -17 - 20)?
-14
What is the value of -8 - (4 - 6 - (9 + -3 - 3))?
-3
What is -11 + 0 - ((11 - (14 - -6)) + 2)?
-4
Calculate -26 - -36 - 0 - 4.
6
Evaluate 14 + -4 + -9 - 6.
-5
What is -22 + (39 - 19) + 13 + (21 - -2)?
34
Evaluate 13 - (24 - (3 + 11)).
3
(5 + -12 - (5 + -1)) + 0
-11
Evaluate (162 - 159) + (1 + 15 - 1).
18
What is the value of 5 - 0 - ((-1 - 5) + (-26 - -40))?
-3
Evaluate (127 - 120) + (20 - ((2 - 1) + 1)).
25
(1 - 3) + -32 + 9 + 15
-10
What is 75 - 42 - 29 - (-2 - 23)?
29
What is -8 + (10 - (0 + (0 - -1)))?
1
Calculate -1 - 0 - (-1133 + 1135).
-3
-7 - (1 + (-5 + 1 - (1 + -3)))
-6
What is the value of 15 - 19 - (4 - 0) - -15?
7
Calculate -46 - (-28 - -26) - -6.
-38
Evaluate -16 - (-20 + 8 + 5).
-9
Calculate -13 + 21 + 0 + -14 + 1 - -9.
4
What is the value of (-93 - -85) + 0 + 3?
-5
Calculate 0 + -1 + 5 + -2 + 2 + 3.
7
Evaluate (-9 - (-7 + 1 - (-14 + 4))) + 7.
-6
What is -56 + 13 + -2 + 26?
-19
Evaluate -3 + -3 + (13 + 3 + -5 - 5).
0
Evaluate -16 - (-3 - ((-6 - -12) + -6 - -5)).
-8
What is (-3 - 0) + -22 + 16?
-9
Calculate 7 + 2 + -14 + 11 + 0 - -6.
12
What is -27 + 53 - (5 - -34)?
-13
Evaluate (-18 - -17) + -6 + (-4 - -1).
-10
Calculate -1 + (-2 - 1) + -292 + 317.
21
Evaluate -71 - -61 - (-22 + -1).
13
What is the value of -4 + (2 + -14 - -42)?
26
What is the value of (-54 - -54) + (20 - -1)?
21
-6 + 14 - 11 - 7
-10
Calculate 10 - (6 + 9 + -4).
-1
Evaluate (-18 - (-8 + -1 - -10)) + 49.
30
What is -16 + -10 + 12 + 3?
-11
What is the value of 7 - -9 - (-2 + 2)?
16
What is (-2 - (-6 - -1)) + 6 + 1?
10
-1 + 5 + -5 + 7 - (0 + 20)
-14
What is the value of 13 + 11 + (-14 - 13)?
-3
Evaluate (10 - -8) + -11 + -4.
3
Evaluate 7 + 11 + -7 + -2 + 28 + -22.
15
What is (-12 - 26 - -15) + 9?
-14
Calculate 3 - (7 + 24 + -43).
15
What is -39 + (28 + 3 - 14)?
-22
What is -37 + (-8 + 6 + -6 - -13) + 6?
-26
Evaluate (-25 - -9) + 2 + 13.
-1
Calculate (41 - 39) + (-7 - -16).
11
Evaluate -11 + 0 + (18 - (17 - 7)).
-3
Calculate 9 + 1 - (-40 + -24 + 77).
-3
-4 - (0 - (0 - -4)) - (-7 - 4)
11
What is the value of -122 + 129 + (6 - 1) + 7?
19
(-7 - -35) + 7 + -15
20
What is the value of (-2 - 2) + 3 + (-7 - -11) + -5?
-2
0 - -2 - ((4 - (-9 - 0)) + -17)
6
-8 + 27 + -8 + -21 + 0 + 27
17
7 - (-10 - (-70 + 36 - (-9 - -2)))
-10
Calculate -7 - -26 - (3 + 0) - (-16 + 21).
11
(-4 - 2 - 7) + 6
-7
Evaluate 3 - (0 + 0) - (3 + 104 + -103).
-1
Calculate (8 - 15) + 4 - (-19 - -45).
-29
What is the value of (2 - 7) + 2 - ((4 - 5) + 7)?
-9
-3 + 5 + -8 - (-6 - (-3 - 2))
-5
40 - 39 - -30 - 53
-22
Calculate 16 + (-31 - (-7 - 7)).
-1
What is the value of 14 + -12 + (-1 - (7 + -5)) + -16?
-17
Evaluate 3 - 44 - (-2 - 23).
-16
12 + -2 + -14 + 1 + 4 - 11
-10
Calculate 9 - (-9 + -14 - -6 - -9 - 4).
21
What is the value of -20 + (15 - 26) + 30 + -13?
-14
Evaluate (-32 - -8) + 2 + -3 + 15 + -12.
-22
What is the value of 517 + -543 + (0 - 0 - -1)?
-25
What is -15 - (-10 - -16) - -16?
-5
What is (0 - 9) + -23 + 11?
-21
Calculate 14 - (-32 - -43 - (-1 + -12)).
-10
Calculate 14 + (-7 - -24) + -21.
10
Calculate 10 - -1 - (703 - 677).
-15
Evaluate -1 - (15 - 14) - 3.
-5
What is 4 + 13 + 12 + -40?
-11
Calculate 18 + -9 + (-6 - (13 - 26)).
16
What is 4 - ((-15 - -34) + -31)?
16
Calculate 13 + 1 - 5 - -5 - 6.
8
What is the value of (-5 - 17) + 10 - 0 - (3 + -8)?
-7
Evaluate -16 + (-16 - -25 - -1).
-6
Calculate (-7 + 3 + -4 - -6) + 19 + -7.
10
Evaluate -3 + 20 - (11 + 7 + -8 - 4).
11
What is -38 - (-67 + 29) - (-1 + -9)?
10
17 + 10 + -14 - -7
20
-57 - (-111 - -29) - (12 - -1)
12
What is (10 - (-10 - -56)) + (9 - -1)?
-26
What is -464 + 443 + (6 - (-1 - (-1 + -1)))?
-16
What is the value of 1 + -2 + -16 + 17 + -9?
-9
Calculate 31 + -30 - 13 - -5.
-7
Calculate (-5 + 1 - 0) + 443 + -441.
-2
What is the value of (70 - 41) + (-3 - (4 - 9))?
31
Evaluate -14 + -30 - -85 - 56.
-15
What is 18 - ((-15 + 16 - 4) + -7)?
28
Calculate (-5 - (25 - 21)) + 35.
26
-4 + 1 + 8 - (0 - 3 - 4)
12
Calculate -4 + 11 - (-7 - 2 - -20).
-4
What is (-22 - -9) + (3 + -2 - (3 + 0))?
-15
Evaluate (-6 - ((-6 - -15) + -4)) + -2.
-13
Evaluate (-1 - 35) + 67 + -31.
0
What is the value of -12 - (-1 - -13 - 29)?
5
3 - ((-11 - -8) + 8) - -14
12
What is -1 + 36 + (1149 - 1161)?
23
What is the value of (9 - (3 - 2)) + (-46 - -40)?
2
Evaluate (-5 - -2) + 17 - (6 + 4 - 15).
19
Calculate (-79 - -77 - (-5 + 1)) + 1.
3
Calculate -13 + 5 + -26 + 24.
-10
What is the value of 5 - (-4 - (-24 + 9) - 18)?
12
What is -1 - (-6 - (-1 + -6)) - -2 - 24?
-24
(-1 - -8) + 6 + -3 + -17
-7
What is 0 + 14 + -17 - (-4 + 1)?
0
Evaluate -27 + (-17 - -36) - -9 - -17.
18
Calculate (0 - 4) + (8 - (-10 + (25 - 10))).
-1
-4 + 0 + -1 + 23 + -14
4
Evaluate (-21 - -7) + 2 + (3 - (-1 + -1)).
-7
Evaluate -16 + 26 - 20 - 14.
-24
28 + (-12 - (-1 + 1 - (24 + -18)))
22
-4 - (-23 - (-7 + (-10 - -11)))
13
Evaluate -6 - (8 + 5 - 12).
-7
4 + 1 + 3 + -8 + 1
1
What is (-10 - 4) + 11 + 2?
-1
What is (7 - 0) + (-23 + 14 + -3 - -5)?
0
What is the value of -3 + 2 - 10 - (-8 - (23 + -28))?
-8
Evaluate (-41 + 38 - (-2 + 10)) + 4.
-7
-11 + (13 - (6 + -11)) + -18 + 10
-1
44 + -12 + -27 + 4 + -1 + -1
7
Calculate -2 + (-1 - (-4 + -11)) - 31.
-19
1 - ((-5 - -2) + 2 + -10)
12
9 + (0 - 0) + -29 + 28
8
What is the value of (0 - (-2 + -20)) + (903 - 913)?
12
What is (6 - ((6 - -4) + -11)) + -4?
3
What is (-7 - 23 - -42) + -3?
9
What is 2 + (4 + 0 - 8) - (-3 - 2)?
3
What is the value of (-3 - 1) + -15 + 17 + -11?
-13
Evaluate -2 + 2 + 7 + -8 + 1 + -12.
-12
(-14 - -2) + (13 + -32 - -43)
12
What is the value of -7 - (-15 + 9 - (-2 + 18)) - -2?
17
4 + (-2 - 0) + (-20 - 2 - -17)
-3
What is 4 - -4 - (17 + -4 + -7) - 15?
-13
(0 - -5) + -24 + (5 - -18)
4
What is -11 + -8 + 3 + 8 - -9?
1
Calculate (-18 - (6 - 12)) + -28 + 6.
-34
5 - (30 - 13 - 1)
-11
What is the value of -2 + 8 - (22 - (2 + 14))?
0
What is the value of -7 - (-9 - (-1 + -6))?
-5
What is the value of -28 + (19 - (17 + -10))?
-16
(32 - 54 - -17) + 24
19
Calculate -7 + 0 + (12 + (4 - 11) - 14).
-16
Calculate 17 + -1 - (3 + (1 - -6)).
6
What is the value of (117 + -124 - (1 + -1)) + 22?
15
Calculate -2 + (-5 + 0 + 13 - 0).
6
What is the value of -2 + -1 + 6 + -6 + 8 + -1?
4
Calculate 8 + -1 - (-25 + (9 - -11)) - 6.
6
What is the value of (10 - 5 - -1 - 5) + -3 - 10?
-12
What is (-5 - (3 + (-18 - -